mainder when 9632084 is divided by 549?
428
Calculate the remainder when 18537534 is divided by 71025.
9
Calculate the remainder when 21039326 is divided by 5479.
5445
Calculate the remainder when 1828271 is divided by 304672.
239
Calculate the remainder when 75466 is divided by 37381.
704
Calculate the remainder when 226719 is divided by 1296.
1215
What is the remainder when 1829556 is divided by 21?
15
Calculate the remainder when 5119308 is divided by 261.
54
What is the remainder when 440960 is divided by 109971?
1076
What is the remainder when 9089442 is divided by 4544709?
24
What is the remainder when 1622598 is divided by 1038?
204
Calculate the remainder when 239732 is divided by 13318.
8
Calculate the remainder when 31256186 is divided by 6182.
6176
What is the remainder when 517815543 is divided by 129?
126
What is the remainder when 454161 is divided by 151270?
351
Calculate the remainder when 73622491 is divided by 70.
61
What is the remainder when 911059807 is divided by 223?
220
What is the remainder when 40190 is divided by 771?
98
What is the remainder when 9698715 is divided by 446?
445
What is the remainder when 2546636 is divided by 81?
77
What is the remainder when 811033 is divided by 62384?
41
What is the remainder when 2423751 is divided by 142570?
61
Calculate the remainder when 3285295 is divided by 1014.
949
Calculate the remainder when 86561 is divided by 86558.
3
Calculate the remainder when 52810916 is divided by 31.
29
Calculate the remainder when 18464364 is divided by 30319.
93
What is the remainder when 46695195 is divided by 3724?
3683
What is the remainder when 4502281 is divided by 1862?
1827
What is the remainder when 311854 is divided by 3182?
18
What is the remainder when 2647566 is divided by 599?
585
Calculate the remainder when 201086 is divided by 284.
14
Calculate the remainder when 1802407 is divided by 171.
67
What is the remainder when 71703146 is divided by 11?
9
Calculate the remainder when 327052 is divided by 8569.
1430
Calculate the remainder when 1180836 is divided by 1560.
1476
Calculate the remainder when 206748 is divided by 9238.
3512
Calculate the remainder when 557143 is divided by 557138.
5
What is the remainder when 1179139 is divided by 38036?
23
Calculate the remainder when 480061 is divided by 3.
1
What is the remainder when 38167606 is divided by 36?
10
Calculate the remainder when 23955885 is divided by 105.
30
Calculate the remainder when 1018044 is divided by 46249.
566
What is the remainder when 12097234 is divided by 703?
10
What is the remainder when 78119078 is divided by 39059539?
0
Calculate the remainder when 899481 is divided by 796.
1
What is the remainder when 737333 is divided by 3582?
3023
What is the remainder when 21123 is divided by 578?
315
Calculate the remainder when 724330375 is divided by 1828.
1827
Calculate the remainder when 107437 is divided by 4242.
1387
What is the remainder when 1227693 is divided by 204406?
1257
Calculate the remainder when 6829443 is divided by 38.
7
Calculate the remainder when 542500 is divided by 1152.
1060
Calculate the remainder when 282786 is divided by 14859.
465
Calculate the remainder when 858056 is divided by 4551.
2468
What is the remainder when 139356 is divided by 9279?
171
What is the remainder when 393871 is divided by 131282?
25
What is the remainder when 53668 is divided by 1450?
18
What is the remainder when 54555 is divided by 1554?
165
What is the remainder when 32171 is divided by 1248?
971
What is the remainder when 49037 is divided by 9624?
917
What is the remainder when 21949 is divided by 399?
4
Calculate the remainder when 6755214 is divided by 999.
975
What is the remainder when 88873 is divided by 775?
523
Calculate the remainder when 137878 is divided by 58.
12
What is the remainder when 211442 is divided by 4105?
2087
Calculate the remainder when 16236766 is divided by 3247347.
31
What is the remainder when 46306111 is divided by 76?
71
What is the remainder when 559856 is divided by 6085?
36
Calculate the remainder when 73381127 is divided by 167.
158
Calculate the remainder when 1396983 is divided by 698489.
5
What is the remainder when 3974635 is divided by 79?
66
Calculate the remainder when 3644601 is divided by 375.
351
What is the remainder when 212137 is divided by 106044?
49
What is the remainder when 867586 is divided by 546?
538
What is the remainder when 1075575 is divided by 1418?
731
What is the remainder when 6937254 is divided by 33513?
63
What is the remainder when 26980899 is divided by 400?
99
What is the remainder when 93728498 is divided by 30771?
32
What is the remainder when 474893 is divided by 777?
146
Calculate the remainder when 486836 is divided by 23182.
14
What is the remainder when 150072 is divided by 150068?
4
Calculate the remainder when 74923469 is divided by 13.
10
Calculate the remainder when 1194118 is divided by 468.
250
Calculate the remainder when 259466 is divided by 129731.
4
What is the remainder when 7747202 is divided by 721?
57
What is the remainder when 667520 is divided by 222501?
17
What is the remainder when 23931882 is divided by 37688?
2
Calculate the remainder when 65950515 is divided by 77.
15
What is the remainder when 16997463 is divided by 38?
25
What is the remainder when 393128 is divided by 23101?
411
What is the remainder when 14668400 is divided by 62?
6
Calculate the remainder when 2182613 is divided by 5087.
290
What is the remainder when 4022681 is divided by 74493?
59
What is the remainder when 3268568 is divided by 4245?
4163
Calculate the remainder when 64770 is divided by 32381.
8
Calculate the remainder when 135789316 is divided by 10.
6
Calculate the remainder when 769327 is divided by 6358.
9
What is the remainder when 252937461 is divided by 50587490?
11
Calculate the remainder when 428322 is divided by 35689.
54
What is the remainder when 194370 is divided by 22749?
12378
Calculate the remainder when 2595316 is divided by 455.
451
Calculate the remainder when 797535 is divided by 159.
150
Calculate the remainder when 1236472 is divided by 349.
314
What is the remainder when 320802 is divided by 106931?
9
Calculate the remainder when 349860 is divided by 174877.
106
Calculate the remainder when 2603204 is divided by 1358.
1276
Calculate the remainder when 1587597 is divided by 454.
413
What is the remainder when 265649 is divided by 16?
1
What is the remainder when 2653103 is divided by 31?
30
What is the remainder when 1698055 is divided by 2177?
2172
What is the remainder when 30727 is divided by 1044?
451
Calculate the remainder when 153196 is divided by 6.
4
What is the remainder when 693913 is divided by 231290?
43
Calculate the remainder when 3886159 is divided by 336.
319
Calculate the remainder when 54641 is divided by 164.
29
What is the remainder when 181171 is divided by 5?
1
What is the remainder when 14208174 is divided by 355?
9
Calculate the remainder when 476375121 is divided by 3587.
3586
Calculate the remainder when 154535 is divided by 658.
563
Calculate the remainder when 4871904 is divided by 103657.
25
What is the remainder when 180558 is divided by 2762?
1028
Calculate the remainder when 316894 is divided by 22604.
438
Calculate the remainder when 430579 is divided by 863.
805
What is the remainder when 787137 is divided by 276?
261
What is the remainder when 25826721 is divided by 25?
21
Calculate the remainder when 41888 is divided by 392.
336
Calculate the remainder when 15115748 is divided by 6745.
203
Calculate the remainder when 366534 is divided by 121304.
2622
Calculate the remainder when 778068 is divided by 45768.
12
What is the remainder when 759075 is divided by 1062?
807
What is the remainder when 10634683 is divided by 35?
3
What is the remainder when 14561682 is divided by 102?
60
What is the remainder when 17644797 is divided by 1022?
989
Calculate the remainder when 17332375 is divided by 270.
265
What is the remainder when 1034720 is divided by 206930?
70
What is the remainder when 119576197 is divided by 1444?
1
Calculate the remainder when 32737153 is divided by 2057.
2055
What is the remainder when 1716023 is divided by 230?
223
Calculate the remainder when 1767299 is divided by 2